 0 = -s*c + q - 21. What is the highest common divisor of c and 96?
12
Let r(m) = -9*m - 3. Let a be r(-3). Suppose 0 = -v - 0 - 2. Let i(y) = 3*y**2 + 3*y + 2. Let u be i(v). What is the greatest common factor of u and a?
8
Let o be 17/4 + -2 + (-49)/(-28). What is the greatest common divisor of 36 and o?
4
Suppose 0 = l + 5*y - 69, -4*l = -2*y + 4*y - 294. What is the highest common divisor of 185 and l?
37
Let i(j) = 60*j**2 - j. Let m be i(1). Suppose 3*x - m = -8. What is the highest common divisor of 85 and x?
17
Let d(b) = -2*b + 11. Let p be d(-9). Suppose -5*z + 31 = -p. Suppose 7 - 106 = -4*q + 3*m, q + 4*m = 20. What is the highest common factor of z and q?
12
Let z be 6/15 + 4/(-10). Let o = z - -5. What is the greatest common divisor of o and 5?
5
Suppose -2*h = 5*f - 1, 4*f = 1 - 5. Suppose -1 = c + p, 2*c - 3*p = -6*p + h. Let x = c + 12. What is the highest common factor of x and 9?
3
Let o = -18 - -12. Let i be (2 + o)/((-7)/70). What is the highest common divisor of i and 100?
20
Let w(o) = -o**3 + 6*o**2 - 6*o + 8. Let n be w(4). Calculate the greatest common divisor of n and 32.
16
Let r(o) = 20*o**2 - o + 1. Let x be r(-1). Let l(t) = -t - 22. Let m be l(0). Let k be (m/(-6))/(1/15). Calculate the highest common divisor of x and k.
11
Suppose q - 23 = -5*v, 8*v - 4*v = -q + 19. Suppose -q*x - 25 = -5*m + 34, -4*m - 2*x + 56 = 0. Calculate the greatest common factor of m and 104.
13
Let b = -164 + 473. Suppose 0 = -4*i - 53 + b. What is the highest common factor of i and 16?
16
Let u be (1 + 0)*33/3. Let q be -4*110/(-12)*3. Calculate the highest common factor of q and u.
11
Let k(q) = q**2 - 5*q + 5. Let w be k(4). Calculate the greatest common divisor of 4 and w.
1
Let t be (15/(-6))/(2/(-48)). Calculate the greatest common factor of 48 and t.
12
Suppose -303 + 113 = -5*o. Let p be 8/20 - (-16)/10. Let b be -1*p/4*-38. What is the highest common divisor of o and b?
19
Let w = 21 - 18. Let z be (-10)/(-6) - 2/(-6). Suppose t = 2*l - 1, 5*l - 4*t = z - 7. What is the greatest common divisor of w and l?
3
Suppose -f - 2*f + 78 = 0. Suppose -f - 34 = -4*j. Calculate the highest common divisor of j and 105.
15
Let c(h) = -9*h**3 + 2. Let j be c(-2). Let z = j - 42. What is the greatest common factor of z and 4?
4
Let n be (3/4)/(3/12). Let y be (3 - 5) + n - -29. Calculate the highest common divisor of y and 10.
10
Suppose 0 = -5*b + 2*c - 9 - 21, -3*c + 15 = 0. Let h(r) = -4*r - 9. Let a be h(b). Calculate the highest common divisor of 28 and a.
7
Let m be (-2 - -2 - -1)*4. Suppose -j + 3*j = m. Suppose j = -2*l + 14. What is the greatest common factor of 42 and l?
6
Let i = 70 + -5. Calculate the greatest common factor of 26 and i.
13
Let l be ((-392)/(-21))/((-2)/(-24)). Calculate the highest common factor of 28 and l.
28
Suppose 4*n + 10 = 3*u - 2*u, 18 = 4*u - 5*n. Let o(z) = 3*z. Let k be o(6). Suppose -u*h = -h - k. What is the highest common factor of 6 and h?
6
Let w = 124 + -76. Let b be (-2)/4 + (-1)/(-2). Let y be (-4)/((-2)/3 - b). What is the highest common factor of w and y?
6
Let c = -7 - -9. Suppose -13 - 17 = -5*v - 2*j, c*j = 0. Calculate the highest common factor of v and 6.
6
Let z be ((-3)/2)/((-18)/60). What is the greatest common factor of z and 35?
5
Let c be ((-1)/2)/(2/(-8)). Let f = 5 + 7. Suppose -50 = -c*k - 4*a, -k + 8 + f = a. What is the greatest common factor of k and 120?
15
Suppose 3*p = -p. Let s(y) = 40*y - 6. Let o be s(4). Suppose p = -4*c + t - 31 + o, 4*c = -2*t + 114. Calculate the highest common factor of c and 15.
15
Suppose 0 = s - 58 + 23. What is the highest common factor of 35 and s?
35
Suppose 23 = 11*l - 76. What is the greatest common factor of 171 and l?
9
Let r = 38 + -21. What is the greatest common factor of 153 and r?
17
Let x(l) = -l**2 + 10*l + 4. Let y be x(9). Calculate the highest common divisor of y and 65.
13
Let m(t) = 80*t**3 + t**2 - t. Let b be m(1). Let c = 7 - 3. Suppose -v + c*v = 96. Calculate the highest common factor of b and v.
16
Let r = -322 - -202. Let l be 4/(-30) + (-2416)/r. What is the highest common factor of 140 and l?
20
Suppose -2*z + 6 = 2. Suppose -v - z*v = k - 7, 0 = 4*v + 20. What is the greatest common divisor of 154 and k?
22
Let k(g) = 14*g + 2. Suppose 5*w + 2*x + 3*x = 0, -2*x = 2. Let o be k(w). What is the highest common divisor of o and 144?
16
Let q be -4 - -2 - (-231 - 1). Let h be q*(-2 - (-5)/2). What is the greatest common factor of h and 23?
23
Suppose -5*u = -2*j + 55, -5*j - u + 181 = u. Suppose 14 = -3*n + j. Calculate the highest common divisor of n and 28.
7
Let d be 4/12 - 332/(-12). Calculate the greatest common factor of d and 308.
28
Suppose 5*x - 5*d + 3*d = 17, 4*d = -3*x + 5. Suppose -21 = -x*h + 9. Let y = -33 - -35. What is the greatest common factor of y and h?
2
Let p = -24 - -68. Suppose 331 = 5*u - p. Suppose -4*a + 3*n + 123 = 0, -a + 3*n = 2*a - 93. What is the greatest common divisor of a and u?
15
Let l(s) = 2*s**2 + 24*s - 1. Let y be l(-13). Calculate the greatest common factor of y and 125.
25
Let m(v) = -3 + 0*v**2 + v**2 + 4*v - 2*v. Let a be m(2). Suppose -a*d + 24 = -56. Calculate the highest common factor of 48 and d.
16
Suppose 16 + 4 = 10*p. What is the highest common factor of p and 2?
2
Let a = -10 + 22. What is the highest common divisor of a and 48?
12
Let t = 22 - 11. Suppose -3*r = -5*f - 58, 2*r + 4*f - f = 7. What is the greatest common divisor of r and t?
11
Let q(c) = 16*c**2 - c. Let t be q(2). Suppose 5*x - t - 18 = 0. Calculate the highest common factor of 16 and x.
16
Let z(s) = -s**3 - 3 + 2 + 3 + 1. Let f be z(0). Let i(n) = 3*n**2 - n + 3. Let t be i(f). What is the greatest common factor of t and 3?
3
Suppose -4*b + 12 - 4 = 0. Suppose -b*d + 3*l + 19 = 0, 2*l = 3*d - 24 - 17. What is the highest common factor of d and 68?
17
Let s = 101 + -24. Let g(i) = i**3 - i**2 - 3*i + 2. Let w be g(3). What is the greatest common divisor of w and s?
11
Let g(q) = 2*q**2 + 5*q - 4. Let p be g(-4). Let f = -2 + 3. What is the greatest common factor of f and p?
1
Let g be 638/8 - (-2)/8. Suppose -2*a + g = 4*y + 2*a, 2*y - 4*a - 40 = 0. What is the highest common factor of y and 5?
5
Let k be 15/(-45)*(-129)/1. Calculate the greatest common factor of 43 and k.
43
Let o be (-17)/(-5) + 36/60. What is the greatest common factor of 32 and o?
4
Let n(w) = 5*w**3 - 4*w**2 + 6*w - 7. Let h be n(2). What is the highest common factor of 203 and h?
29
Let f(c) be the third derivative of c**5/60 + 52*c**3/3 + c**2. Let a be f(0). Let l be (-4)/10 - (-67)/5. What is the highest common factor of l and a?
13
Let l = 24 - 22. Suppose -3 = l*d - 3*d. What is the highest common divisor of d and 9?
3
Suppose 10 = -2*n + 4*g, n = -2*n - 4*g + 15. Calculate the highest common divisor of 8 and n.
1
Let i = -41 + 76. Calculate the highest common divisor of 7 and i.
7
Let q(l) = -l + 88. Let j be q(0). Let n(b) = -b**2 + 8*b + 4. Let v be n(7). What is the greatest common divisor of v and j?
11
Let p(h) = 8*h**2 + 1. Let m = -11 - -16. Let a = -4 + m. Let o be p(a). Calculate the highest common divisor of o and 36.
9
Suppose 2*f = -v + 16, -f + v + 3*v + 8 = 0. Let d = f + 36. What is the greatest common divisor of d and 4?
4
Let t(u) = u**2 - u + 2. Let f be t(-5). Calculate the greatest common divisor of f and 4.
4
Let p(b) = 2*b**2 - 3*b - 2. Let d be 56/(-21) - (-4)/6. Let o be p(d). Calculate the highest common divisor of o and 3.
3
Suppose 14 + 66 = 5*x. Suppose 5*n = -3*s + 22, n - 5*n + x = 2*s. What is the greatest common divisor of n and 18?
2
Let n(b) = 7*b**2 - 1. Let o be n(1). Calculate the highest common divisor of o and 66.
6
Suppose 4*q - 346 = -4*c + 6*q, -4*q = -c + 83. Let f = c - 48. Calculate the highest common divisor of f and 13.
13
Suppose 7*x - 3594 = -1410. Calculate the highest common factor of x and 39.
39
Let p = 62 - 16. Calculate the greatest common factor of p and 92.
46
Let m be ((-52)/(-6))/(4/6). Let v = 21 - m. Suppose -4*a = -7*a + 36. What is the greatest common factor of a and v?
4
Suppose -25 = -5*d + 5*y, -2*d + 7*d = -3*y - 7. Let o(m) = 2*m**2. Let i be o(-1). What is the highest common factor of d and i?
1
Let u(f) = f**2 + 25*f - 48. Let d be u(-27). Calculat